{"id":1294,"date":"2023-04-06T09:02:41","date_gmt":"2023-04-06T13:02:41","guid":{"rendered":"https:\/\/liceolosangeles.cl\/web\/?page_id=1294"},"modified":"2023-04-06T09:02:41","modified_gmt":"2023-04-06T13:02:41","slug":"acerca-del-himno-de-nuestro-liceo","status":"publish","type":"page","link":"https:\/\/liceolosangeles.cl\/web\/acerca-del-himno-de-nuestro-liceo\/","title":{"rendered":"Acerca del himno de nuestro liceo"},"content":{"rendered":"<style type='text\/css' media='all'>#rt-tpg-container-1995996928 .rt-holder .rt-woo-info .price{color:#0367bf;}body .rt-tpg-container .rt-tpg-isotope-buttons .selected,\n\t\t\t\t\t#rt-tpg-container-1995996928 .layout12 .rt-holder:hover .rt-detail,\n\t\t\t\t\t#rt-tpg-container-1995996928 .isotope8 .rt-holder:hover .rt-detail,\n\t\t\t\t\t#rt-tpg-container-1995996928 .carousel8 .rt-holder:hover .rt-detail,\n\t\t\t\t\t#rt-tpg-container-1995996928 .layout13 .rt-holder .overlay .post-info,\n\t\t\t\t\t#rt-tpg-container-1995996928 .isotope9 .rt-holder .overlay .post-info,\n\t\t\t\t\t#rt-tpg-container-1995996928.rt-tpg-container .layout4 .rt-holder .rt-detail,\n\t\t\t\t\t.rt-modal-1995996928 .md-content,\n\t\t\t\t\t.rt-modal-1995996928 .md-content > .rt-md-content-holder .rt-md-content,\n\t\t\t\t\t.rt-popup-wrap-1995996928.rt-popup-wrap .rt-popup-navigation-wrap,\n\t\t\t\t\t#rt-tpg-container-1995996928 .carousel9 .rt-holder .overlay .post-info{background-color:#0367bf;}#rt-tpg-container-1995996928 .layout5 .rt-holder .overlay, #rt-tpg-container-1995996928 .isotope2 .rt-holder .overlay, #rt-tpg-container-1995996928 .carousel2 .rt-holder .overlay,#rt-tpg-container-1995996928 .layout15 .rt-holder h3, #rt-tpg-container-1995996928 .isotope11 .rt-holder h3, #rt-tpg-container-1995996928 .carousel11 .rt-holder h3, #rt-tpg-container-1995996928 .layout16 .rt-holder h3,\n\t\t\t\t\t#rt-tpg-container-1995996928 .isotope12 .rt-holder h3, #rt-tpg-container-1995996928 .carousel12 .rt-holder h3 {background-color:rgba(3,103,191,0.8);}#rt-tpg-container-1995996928 .read-more a{border-radius:px;}#rt-tpg-container-1995996928 .rt-img-holder img.rt-img-responsive,#rt-tpg-container-1995996928 .rt-img-holder,\n\t\t\t\t\t#rt-tpg-container-1995996928 .rt-post-overlay .post-img,\n\t\t\t\t\t#rt-tpg-container-1995996928 .post-sm .post-img,\n\t\t\t\t\t#rt-tpg-container-1995996928 .rt-post-grid .post-img,\n\t\t\t\t\t#rt-tpg-container-1995996928 .post-img img {border-radius:px;}<\/style><div class='rt-container-fluid rt-tpg-container tpg-shortcode-main-wrapper ' id='rt-tpg-container-1995996928'   data-layout='layout3' data-grid-style='even' data-desktop-col='1'  data-tab-col='2'  data-mobile-col='1' data-sc-id='1284'><div class=\"tpg-widget-heading-wrapper heading-style1 \"><span class=\"tpg-widget-heading-line line-left\"><\/span><h2 class=\"tpg-widget-heading\">Himno<\/h2><span class=\"tpg-widget-heading-line\"><\/span><\/div><div data-title='Cargando...' class='rt-row rt-content-loader   layout3 tpg-even '><div class=\"rt-col-md-12 rt-col-sm-6 rt-col-xs-12 even-grid-item rt-grid-item\" data-id=\"1286\"><div class=\"rt-holder\"><div class=\"rt-row\"><div class='rt-col-sm-4 rt-col-xs-12 '><div class=\"rt-img-holder\"><a data-id='1286' class=' rounded' href='https:\/\/liceolosangeles.cl\/web\/2023\/04\/06\/la-musica\/'><img loading=\"lazy\" decoding=\"async\" width=\"978\" height=\"652\" src=\"https:\/\/liceolosangeles.cl\/web\/wp-content\/uploads\/2023\/04\/music-978x652.jpg.webp\" class=\"rt-img-responsive \" alt=\"\" \/><\/a><\/div><\/div><div class='rt-col-sm-8 rt-col-xs-12 '><div class='rt-detail'><h3 class=\"entry-title\"><a data-id=\"1286\" class=\"\" href=\"https:\/\/liceolosangeles.cl\/web\/2023\/04\/06\/la-musica\/\">La m\u00fasica<\/a><\/h3><div class='post-meta-user '><span class='date-meta'><i class='far fa-calendar-alt '><\/i>abril 6, 2023<\/span><\/div><div class='post-content'><p>\u201cLa m\u00fasica es un recurso atractivo que puede favorecer el aprendizaje debido a la importancia...<\/p><\/div><span class='read-more '><a data-id='1286' class='' href='https:\/\/liceolosangeles.cl\/web\/2023\/04\/06\/la-musica\/'>Leer m\u00e1s<\/a><\/span><\/div><\/div><\/div><\/div><\/div><div class=\"rt-col-md-12 rt-col-sm-6 rt-col-xs-12 even-grid-item rt-grid-item\" data-id=\"1292\"><div class=\"rt-holder\"><div class=\"rt-row\"><div class='rt-col-sm-4 rt-col-xs-12 '><div class=\"rt-img-holder\"><a data-id='1292' class=' rounded' href='https:\/\/liceolosangeles.cl\/web\/2023\/04\/06\/nuestro-himno\/'><img loading=\"lazy\" decoding=\"async\" width=\"978\" height=\"652\" src=\"https:\/\/liceolosangeles.cl\/web\/wp-content\/uploads\/2023\/04\/music-978x652.jpg.webp\" class=\"rt-img-responsive \" alt=\"\" \/><\/a><\/div><\/div><div class='rt-col-sm-8 rt-col-xs-12 '><div class='rt-detail'><h3 class=\"entry-title\"><a data-id=\"1292\" class=\"\" href=\"https:\/\/liceolosangeles.cl\/web\/2023\/04\/06\/nuestro-himno\/\">Himno del Establecimiento<\/a><\/h3><div class='post-meta-user '><span class='date-meta'><i class='far fa-calendar-alt '><\/i>abril 6, 2023<\/span><\/div><div class='post-content'><p>\ufeff\ufeff...<\/p><\/div><span class='read-more '><a data-id='1292' class='' href='https:\/\/liceolosangeles.cl\/web\/2023\/04\/06\/nuestro-himno\/'>Leer m\u00e1s<\/a><\/span><\/div><\/div><\/div><\/div><\/div><div class=\"rt-col-md-12 rt-col-sm-6 rt-col-xs-12 even-grid-item rt-grid-item\" data-id=\"1289\"><div class=\"rt-holder\"><div class=\"rt-row\"><div class='rt-col-sm-4 rt-col-xs-12 '><div class=\"rt-img-holder\"><a data-id='1289' class=' rounded' href='https:\/\/liceolosangeles.cl\/web\/2023\/04\/06\/biografia-del-autor\/'><img loading=\"lazy\" decoding=\"async\" width=\"225\" height=\"300\" src=\"https:\/\/liceolosangeles.cl\/web\/wp-content\/uploads\/2023\/04\/GONZALO-ARTECHE-Y-BAHILLO-225x300-1.jpg\" class=\"rt-img-responsive \" alt=\"\" \/><\/a><\/div><\/div><div class='rt-col-sm-8 rt-col-xs-12 '><div class='rt-detail'><h3 class=\"entry-title\"><a data-id=\"1289\" class=\"\" href=\"https:\/\/liceolosangeles.cl\/web\/2023\/04\/06\/biografia-del-autor\/\">Biograf\u00eda del autor<\/a><\/h3><div class='post-meta-user '><span class='date-meta'><i class='far fa-calendar-alt '><\/i>abril 6, 2023<\/span><\/div><div class='post-content'><p>Entre los grandes hombres de nuestro establecimiento destaca don Gonzalo Arteche Bah\u00edllo, exprofesor de Religi\u00f3n...<\/p><\/div><span class='read-more '><a data-id='1289' class='' href='https:\/\/liceolosangeles.cl\/web\/2023\/04\/06\/biografia-del-autor\/'>Leer m\u00e1s<\/a><\/span><\/div><\/div><\/div><\/div><\/div><div class=\"rt-col-md-12 rt-col-sm-6 rt-col-xs-12 even-grid-item rt-grid-item\" data-id=\"1298\"><div class=\"rt-holder\"><div class=\"rt-row\"><div class='rt-col-sm-4 rt-col-xs-12 '><div class=\"rt-img-holder\"><a data-id='1298' class=' rounded' href='https:\/\/liceolosangeles.cl\/web\/2023\/04\/06\/acerca-de-nuestro-himno-liceano\/'><img loading=\"lazy\" decoding=\"async\" width=\"978\" height=\"652\" src=\"https:\/\/liceolosangeles.cl\/web\/wp-content\/uploads\/2023\/04\/music-978x652.jpg.webp\" class=\"rt-img-responsive \" alt=\"\" \/><\/a><\/div><\/div><div class='rt-col-sm-8 rt-col-xs-12 '><div class='rt-detail'><h3 class=\"entry-title\"><a data-id=\"1298\" class=\"\" href=\"https:\/\/liceolosangeles.cl\/web\/2023\/04\/06\/acerca-de-nuestro-himno-liceano\/\">Acerca de nuestro himno liceano<\/a><\/h3><div class='post-meta-user '><span class='date-meta'><i class='far fa-calendar-alt '><\/i>abril 6, 2023<\/span><\/div><div class='post-content'><p>Todo establecimiento educacional, como toda organizaci\u00f3n, cuenta con algo que eleva sus esp\u00edritus, los a\u00fana...<\/p><\/div><span class='read-more '><a data-id='1298' class='' href='https:\/\/liceolosangeles.cl\/web\/2023\/04\/06\/acerca-de-nuestro-himno-liceano\/'>Leer m\u00e1s<\/a><\/span><\/div><\/div><\/div><\/div><\/div><\/div><\/div>\n","protected":false},"excerpt":{"rendered":"","protected":false},"author":1,"featured_media":0,"parent":0,"menu_order":0,"comment_status":"closed","ping_status":"closed","template":"","meta":{"ngg_post_thumbnail":0,"footnotes":""},"class_list":["post-1294","page","type-page","status-publish","hentry"],"rttpg_featured_image_url":null,"rttpg_author":{"display_name":"admin","author_link":"https:\/\/liceolosangeles.cl\/web\/author\/admin\/"},"rttpg_comment":0,"rttpg_category":"","rttpg_excerpt":null,"_links":{"self":[{"href":"https:\/\/liceolosangeles.cl\/web\/wp-json\/wp\/v2\/pages\/1294","targetHints":{"allow":["GET"]}}],"collection":[{"href":"https:\/\/liceolosangeles.cl\/web\/wp-json\/wp\/v2\/pages"}],"about":[{"href":"https:\/\/liceolosangeles.cl\/web\/wp-json\/wp\/v2\/types\/page"}],"author":[{"embeddable":true,"href":"https:\/\/liceolosangeles.cl\/web\/wp-json\/wp\/v2\/users\/1"}],"replies":[{"embeddable":true,"href":"https:\/\/liceolosangeles.cl\/web\/wp-json\/wp\/v2\/comments?post=1294"}],"version-history":[{"count":2,"href":"https:\/\/liceolosangeles.cl\/web\/wp-json\/wp\/v2\/pages\/1294\/revisions"}],"predecessor-version":[{"id":1296,"href":"https:\/\/liceolosangeles.cl\/web\/wp-json\/wp\/v2\/pages\/1294\/revisions\/1296"}],"wp:attachment":[{"href":"https:\/\/liceolosangeles.cl\/web\/wp-json\/wp\/v2\/media?parent=1294"}],"curies":[{"name":"wp","href":"https:\/\/api.w.org\/{rel}","templated":true}]}}