{"id":1229,"date":"2023-04-05T20:05:19","date_gmt":"2023-04-05T20:05:19","guid":{"rendered":"https:\/\/liceolosangeles.cl\/web\/?page_id=1229"},"modified":"2023-04-11T16:51:17","modified_gmt":"2023-04-11T20:51:17","slug":"vision-y-mision","status":"publish","type":"page","link":"https:\/\/liceolosangeles.cl\/web\/vision-y-mision\/","title":{"rendered":"VISI\u00d3N Y MISI\u00d3N"},"content":{"rendered":"<p style=\"text-align: center;\">VISI\u00d3N INSTITUCIONAL<\/p>\n<p style=\"text-align: justify;\">Desde una amplia trayectoria Educativa de excelencia, el Liceo Los \u00c1ngeles A-59 Bicentenario, se proyecta, formando Ciudadanos, l\u00edderes que trasciendan en la comunidad, siendo agentes de cambio para un Pa\u00eds que promueva una sociedad de sana convivencia, desarrollada, democr\u00e1tica respetuosa y pluralista.<\/p>\n<p style=\"text-align: center;\">MISI\u00d3N INSTITUCIONAL<\/p>\n<p style=\"text-align: justify;\">Es una instituci\u00f3n p\u00fablica cuyo Proyecto Educativo inclusivo, potencia el desarrollo intelectual, personal y social de nuestros estudiantes, con est\u00e1ndares de calidad que propician el mejoramiento continuo, a trav\u00e9s de una propuesta pedag\u00f3gica de alta exigencia, contando para ello con un equipo de profesionales y funcionarios comprometidos con nuestros sellos educativos.<\/p>\n","protected":false},"excerpt":{"rendered":"<p>VISI\u00d3N INSTITUCIONAL Desde una amplia trayectoria Educativa de excelencia, el Liceo Los \u00c1ngeles A-59 Bicentenario, se proyecta, formando Ciudadanos, l\u00edderes que trasciendan en la comunidad, siendo agentes de cambio para un Pa\u00eds que promueva una sociedad de sana convivencia, desarrollada, democr\u00e1tica respetuosa y pluralista. MISI\u00d3N INSTITUCIONAL Es una instituci\u00f3n p\u00fablica cuyo Proyecto Educativo inclusivo, potencia [&hellip;]<\/p>\n","protected":false},"author":1,"featured_media":1259,"parent":0,"menu_order":0,"comment_status":"closed","ping_status":"closed","template":"","meta":{"ngg_post_thumbnail":0,"footnotes":""},"class_list":["post-1229","page","type-page","status-publish","has-post-thumbnail","hentry"],"rttpg_featured_image_url":{"full":["https:\/\/liceolosangeles.cl\/web\/wp-content\/uploads\/2023\/04\/Mission-Vision-Statement.jpg",1302,700,false],"landscape":["https:\/\/liceolosangeles.cl\/web\/wp-content\/uploads\/2023\/04\/Mission-Vision-Statement.jpg",1302,700,false],"portraits":["https:\/\/liceolosangeles.cl\/web\/wp-content\/uploads\/2023\/04\/Mission-Vision-Statement.jpg",1302,700,false],"thumbnail":["https:\/\/liceolosangeles.cl\/web\/wp-content\/uploads\/2023\/04\/Mission-Vision-Statement-150x150.jpg",150,150,true],"medium":["https:\/\/liceolosangeles.cl\/web\/wp-content\/uploads\/2023\/04\/Mission-Vision-Statement-300x161.jpg",300,161,true],"large":["https:\/\/liceolosangeles.cl\/web\/wp-content\/uploads\/2023\/04\/Mission-Vision-Statement-1024x551.jpg",640,344,true],"1536x1536":["https:\/\/liceolosangeles.cl\/web\/wp-content\/uploads\/2023\/04\/Mission-Vision-Statement.jpg",1302,700,false],"2048x2048":["https:\/\/liceolosangeles.cl\/web\/wp-content\/uploads\/2023\/04\/Mission-Vision-Statement.jpg",1302,700,false],"psacp-medium":["https:\/\/liceolosangeles.cl\/web\/wp-content\/uploads\/2023\/04\/Mission-Vision-Statement.jpg",500,269,false]},"rttpg_author":{"display_name":"admin","author_link":"https:\/\/liceolosangeles.cl\/web\/author\/admin\/"},"rttpg_comment":0,"rttpg_category":null,"rttpg_excerpt":"VISI\u00d3N INSTITUCIONAL Desde una amplia trayectoria Educativa de excelencia, el Liceo Los \u00c1ngeles A-59 Bicentenario, se proyecta, formando Ciudadanos, l\u00edderes que trasciendan en la comunidad, siendo agentes de cambio para un Pa\u00eds que promueva una sociedad de sana convivencia, desarrollada, democr\u00e1tica respetuosa y pluralista. MISI\u00d3N INSTITUCIONAL Es una instituci\u00f3n p\u00fablica cuyo Proyecto Educativo inclusivo, potencia&hellip;","_links":{"self":[{"href":"https:\/\/liceolosangeles.cl\/web\/wp-json\/wp\/v2\/pages\/1229","targetHints":{"allow":["GET"]}}],"collection":[{"href":"https:\/\/liceolosangeles.cl\/web\/wp-json\/wp\/v2\/pages"}],"about":[{"href":"https:\/\/liceolosangeles.cl\/web\/wp-json\/wp\/v2\/types\/page"}],"author":[{"embeddable":true,"href":"https:\/\/liceolosangeles.cl\/web\/wp-json\/wp\/v2\/users\/1"}],"replies":[{"embeddable":true,"href":"https:\/\/liceolosangeles.cl\/web\/wp-json\/wp\/v2\/comments?post=1229"}],"version-history":[{"count":4,"href":"https:\/\/liceolosangeles.cl\/web\/wp-json\/wp\/v2\/pages\/1229\/revisions"}],"predecessor-version":[{"id":1368,"href":"https:\/\/liceolosangeles.cl\/web\/wp-json\/wp\/v2\/pages\/1229\/revisions\/1368"}],"wp:featuredmedia":[{"embeddable":true,"href":"https:\/\/liceolosangeles.cl\/web\/wp-json\/wp\/v2\/media\/1259"}],"wp:attachment":[{"href":"https:\/\/liceolosangeles.cl\/web\/wp-json\/wp\/v2\/media?parent=1229"}],"curies":[{"name":"wp","href":"https:\/\/api.w.org\/{rel}","templated":true}]}}